(-75)). Suppose -50 + a = 4*p. Determine f(p).
-5
Let q(y) = y**2 - 3*y - 9. Let t be q(5). Let g(p) = -5*p**2 + p - 11. Let m(l) = -l**2 - l - 1. Let z(b) = t*g(b) - 6*m(b). Calculate z(-6).
-11
Let k(x) = -x**3 + 8*x**2 + x - 4. Let j(p) be the second derivative of p**5/10 - 3*p**4/4 - p**3/3 + 2*p**2 + 6*p. Let u(d) = 2*j(d) + 3*k(d). Give u(-6).
2
Let z(m) be the first derivative of 5*m**3/6 - m**2 - 55*m + 24. Let h(o) be the first derivative of z(o). Determine h(2).
8
Let j = 261 - 253. Let k(r) = -r**3 + 9*r**2 - 8*r. Determine k(j).
0
Suppose -3*x + 7*x - 8 = 0. Suppose -y - 3*q = -10, y - q = 2*q - x. Let o(t) be the first derivative of t**4/4 - 5*t**3/3 + 2*t**2 - 6*t - 13. Calculate o(y).
-6
Let c(o) = -o**3 - o - 1. Let b(r) = -4*r**3 + 6*r**2 - r - 7. Let a(p) = -b(p) + 5*c(p). Suppose m - 7 = 4*y, -128 = 2*y - 122. Calculate a(m).
-3
Let n(u) = -7*u**2 - 12*u + 14. Let c(y) = 9*y**2 + 13*y - 14. Let v(k) = 3*c(k) + 4*n(k). Give v(-10).
4
Let i = -8 + -6. Let f(a) = 2*a + 19. What is f(i)?
-9
Let b(h) = 121*h - 39*h - 41*h - 40*h. Let i(d) = -23*d**3 - d**2 - d. Let k be i(-1). Suppose 5*c = s - k, 2*s = -2 + 8. Give b(c).
-4
Suppose 4*b + 3*c - 10 = 0, 7*b + c - 14 = 3*b. Suppose -2*g = b*y + 12, -3*y - 11 = -5. Let l(p) = -2*p**3 + 0*p**3 + 4*p - 4*p**2 - 8*p - 2. Determine l(g).
6
Let f be 58/4 - (-2)/(-4). Let y = 18 - f. Suppose l + 20 = -3*l, -2*k - y*l - 18 = 0. Let w(o) = -8*o + 1. Calculate w(k).
-7
Let h(j) be the first derivative of -5*j**2/2 + 23*j - 129. Give h(7).
-12
Suppose -c + 8 = c. Let r(o) = 4*o - 3 + 1 - 3. Give r(c).
11
Suppose -23 - 7 = -5*v. Let u(t) = t**3 - 5*t**2 + 4*t + 2. Let h(b) = b**2 - b + 1. Let x(g) = -2*h(g) + u(g). Give x(v).
0
Let y(k) = k**3 - k. Let z(j) = 4*j**3 - 6*j - 4. Let q(o) = 3*y(o) - z(o). Let c = 24 + 24. Let g = 51 - c. Give q(g).
-14
Let j(h) = h - 1. Let c = 98 + -3. Suppose -c*x + 94*x = 0. Give j(x).
-1
Let k be 4/(-8)*-4*1. Suppose -3*u = -u + 5*w + 32, k*u - w = -8. Let j be ((-9)/u + 0)*-2. Let y(r) = -r**2 + 1. Determine y(j).
-8
Suppose -40 = -3*c - 5*c. Let p(f) = f - 1. Calculate p(c).
4
Let y(a) be the first derivative of a**6/120 + a**5/10 + a**4/24 + 2*a**3/3 - 11*a**2/2 - 8. Let s(n) be the second derivative of y(n). Give s(-6).
-2
Let g(w) = w**3 - 2*w**2 + 3*w - 19. Let r(i) = -4*i**3 + 9*i**2 - 14*i + 76. Let u(h) = -9*g(h) - 2*r(h). Calculate u(0).
19
Let v(f) = -66*f - 74. Let w(h) = 11*h + 12. Let t(k) = -2*v(k) - 13*w(k). What is t(-2)?
14
Let v(z) = -z**3 + 3*z**2 - z + 1. Let l be v(2). Let s(j) = l + 10*j + 7*j**2 + 0 - 5*j**2 - 2*j. What is s(-5)?
13
Let z(d) = -3*d - 2. Suppose -4 - 3 = 7*b. Let u be (-15)/(-6)*b*(-3 + 1). Give z(u).
-17
Let p = -68 + 101. Suppose 2*n + 15 = 2*v + 3*n, 5*v = 2*n + p. Let l(a) = a - 2. Give l(v).
5
Let o be (-72)/(-27)*(-3)/2 + 8. Let b(r) = r**2 - 3*r + 4. What is b(o)?
8
Let m(z) = 0 - 20*z + 27*z - 11*z - 7. Calculate m(-5).
13
Let d(z) = -3*z - 4. Suppose 5*i - 37 + 7 = -4*l, 6 = i - 5*l. Suppose -2*u + i = 2*a, -5*u = -0*a + a - 23. What is d(u)?
-19
Let d(z) = 7*z - 1. Let u be 15/(-50)*-2 - (-39)/(-15). What is d(u)?
-15
Let v = -28 + 39. Let m(t) = 1 + 3*t - 5*t + v*t**2 - 12*t**2 + 6*t. Give m(3).
4
Let w(g) = 2*g**2 + g**3 + 4*g**2 + 8 - 13*g + 2*g**2 - 15 + 13. Give w(-10).
-64
Let n(d) = -2*d**2 - 3*d - 2. Let v(g) = -2*g - 8. Suppose 100 = 2*k + 106. Let a be v(k). What is n(a)?
-4
Let c(d) = 6*d**3 - 12*d**2 - 11*d - 11. Let o(x) = -5*x**3 + 11*x**2 + 10*x + 10. Let m(j) = -6*c(j) - 7*o(j). Calculate m(-3).
-10
Let m(n) = 3*n**3 - n**2 - n. Let l(q) = q - 16. Let j be (-21)/(-28) + 114/8. Let z be l(j). Determine m(z).
-3
Let p(k) be the second derivative of k**3 - k + 75. Calculate p(-10).
-60
Suppose -x + 9 = 2*u, 5*u + 4*x = 3*u + 6. Suppose u*l = -4*l. Let m(o) be the third derivative of o**4/24 + o**3/2 - o**2. Give m(l).
3
Suppose -5*c = 4*s - 7, 2*c - 5 + 7 = 0. Let l(v) be the third derivative of 0*v**s + 1/12*v**4 - 3*v**2 + 0*v + 0. What is l(-6)?
-12
Let v(z) be the third derivative of -z**5/60 - z**4/8 - z**3/2 - 34*z**2. Let d(l) = 2*l - 36. Let f be d(15). Calculate v(f).
-21
Suppose -5*d + 45 - 73 = j, 3*j + 19 = -2*d. Let v(t) = -2*t**2 + t + 2. Let b(y) = -2*y**2 + 2. Let k(u) = 4*b(u) - 3*v(u). What is k(j)?
-7
Let y(g) be the third derivative of g**6/144 + g**5/120 + 5*g**4/12 + g**2. Let h(r) be the second derivative of y(r). Give h(-2).
-9
Let g(z) be the third derivative of -z**5/60 - 23*z**4/24 - 21*z**3/2 + 335*z**2. What is g(-20)?
-3
Let s(i) = -i**2 - 9*i - 10. Suppose 0 = 6*b - 7 + 55. Give s(b).
-2
Let x(r) = 42*r - 1 + 1 - 40*r. Suppose -7*w = -16*w - 27. What is x(w)?
-6
Let t = -5 - -3. Let p(h) = 9*h. Let j(v) = 17*v. Let q(n) = 4*j(n) - 7*p(n). Let k(z) = 9*z - 1. Let m(a) = 3*k(a) - 7*q(a). Give m(t).
13
Let z(c) = -c**2 + 8*c - 11. Let y be 16 + (-6 - -7 - 9). Give z(y).
-11
Let o = 28 - 31. Let z(i) = -i - 4. Let n be z(-8). Let t(u) = 7*u**2 - 6*u - 1. Let c(x) = 8*x**2 - 5*x - 1. Let y(g) = n*c(g) + o*t(g). Determine y(-1).
12
Let a(o) be the second derivative of o**3/6 - 11*o**2/2 + o. Let g = 4080 - 4075. Give a(g).
-6
Let d(m) = -3*m**2 - 2*m + 2. Let c be d(-2). Let r(g) = -g**2 - 3*g + 1. Let l be r(-5). Let s = c - l. Let k(y) = y**3 - 4*y**2 + 2. Give k(s).
-7
Suppose 8*j - 10*j = 6. Let b be 4/(-14)*(j + -4). Let z(a) = 1 - 5*a**2 - 30*a + b*a**2 + 32*a. Determine z(2).
-7
Let g(z) = z**2 + 8*z + 1. Let k(d) = -3*d**2 - 17*d - 1. Let j(f) = f**3 + 6*f**2 - 16*f - 2. Let h be j(-8). Let c(r) = h*k(r) - 5*g(r). Determine c(6).
-3
Let y = 12 + -15. Let u(b) = b**2 - 4. What is u(y)?
5
Suppose 2*t + 496 = -29*t. Let u(a) = a**3 + 17*a**2 + 18*a + 12. Calculate u(t).
-20
Suppose -2*t - v = 12 - 3, -5*t = -5*v + 30. Let p(d) = -d**2 - 5*d - 7. Determine p(t).
-7
Suppose -5*h - 3*r + 95 = 0, 2*r - 20 = -3*h + 37. Let b = -21 + h. Let n(u) = 2*u + 8. Let q(o) = -1. Let y(t) = -n(t) - 10*q(t). Determine y(b).
6
Let p = 638 - 651. Let k(i) = i**2 + 11*i - 23. Determine k(p).
3
Let d(r) = -r**3 + 8*r**2 - 6*r - 6. Suppose 303 - 7 = -4*f. Let u = -67 - f. Calculate d(u).
1
Let a(r) be the third derivative of -r**4/6 - r**3/6 + r**2. Let h be 9 - (-2 - 0)*-4. Determine a(h).
-5
Let v(a) = 3 + 3*a - a**2 - 8*a**3 + 9*a**3 + 4*a**2. Calculate v(-3).
-6
Suppose 6*y - 10 = y. Suppose y*z = 5*t + 97, 0 = 5*t - 4*z - 48 + 137. Let b = 19 + t. Let o(n) = n**2 - 2*n - 3. Give o(b).
5
Let g(w) = -10*w + 3. Let o be (-9 + (-352)/(-40))*-5. Determine g(o).
-7
Suppose 11 = 2*b + 9. Let w(y) = -6*y + 1. Determine w(b).
-5
Let j(t) = -2*t**2 - 2 + 2*t**2 + t**2 - 5*t. Let l be ((-32)/12)/(56/(-84)). Give j(l).
-6
Let w be (186/217)/(1/(28/1)). Let j = -13 + 31. Let n = j - w. Let t(f) = -f - 5. What is t(n)?
1
Let n be (-15)/12 - 1/(-4). Let t(d) be the second derivative of 1/4*d**5 + 1/6*d**3 + 2*d + 0*d**4 + 1/2*d**2 + 0. Give t(n).
-5
Let b(u) = -u**2 + u - 11. Let y(k) = 7*k**3 + 2*k. Let m be y(2). Suppose -5*s = -2*s - m. Suppose 4*p - 16 = -4*c, 10*c - 5*c = -4*p + s. Calculate b(p).
-11
Let z(c) = 3*c - 5. Let q(j) = -j + 1. Let m = 17 + -11. Let r(s) = m*q(s) + z(s). Let x(b) = -b**2 + 8*b - 4. Let k be x(7). Calculate r(k).
-8
Let d(s) = -s - 1 + 3 - 6. Suppose -1 - 20 = -7*i. Suppose -5 - 3 = -2*y, m + 9 = i*y. What is d(m)?
-7
Suppose 5*t = 2*d - 430, d - 2*d - 4*t = -241. Let p be (-6)/8 + d/60. Let b(y) = -3*y - p + y + 9 - 2. Give b(6).
-8
Let i be (-112)/(-63) - (-1 - (-28)/36). Let w(v) = v**2 - 2*v + 2. Calculate w(i).
2
Let b(t) = 2*t**2 - 3*t + 2. Suppose -5*u - h - 102 = 0, 2*u = 3*u - 3*h + 30. Let d(n) = -n**3 - 6*n**2 + n - 13. Let a be d(-6). Let o = a - u. What is b(o)?
4
Let f(h) be the first derivative of 5*h**3/3 + 4*h**2 - h + 37. Let u(s) = -11*s**2 - 17*s + 3. Let l(g) = 13*f(g) + 6*u(g). What is l(4)?
-3
Let a(t) = 0*t - 6*t - 2*t + t + 3. Let m(l) = l**3 + l + 3. Let v be m(0). Give a(v).
-18
Let s(i) = -5*i + 17. Let v be s(2). Let t(o) = o**2 - 5*o - 3. Determine t(v).
11
Let y(p) = 10*p**2 + 3*p + 7. Let z be y(-2). Let v = z - 35. Let w(q) = q**2 - 6*q + 9. Give w(v).
9
Let u(w) = -67*w - 2*w**3 - 1 - 2 + 70*w + 4*w**2. Let k(p) = -3*p**3 + 3*p**2 + 2*p - 2. Let j = 0 + -3. Let x(y) = j*k(y) + 4*u(y). Give x(-6).
-6
Let c = 5 - -1. Let y be (-1